- 15*u**2/2 - 39*u + 483. Determine f(17).
-5
Let n(d) = d + 41610 + 2*d**2 - 3*d - 41611. Calculate n(2).
3
Let k(o) = -3*o - 4 - 1 + 3 + 3*o - 5*o. Suppose 1 = 2*s + 7. Determine k(s).
13
Let p(l) = -9*l + 24. Let d(w) = 15*w**2 - 85*w - 27. Let q be d(6). Calculate p(q).
-3
Let o(p) = 4*p + 89*p**2 - 47*p**2 - 41*p**2 - 2. Determine o(-6).
10
Suppose -3*n + 7*n + 5*t = 4, 3*n + 2*t - 3 = 0. Let l(b) = -b - 6*b + 4*b + b**3 - n. What is l(3)?
17
Let u(f) be the second derivative of f**5/60 - 7*f**4/24 - 4*f**3/3 - 7*f**2 + 18*f. Let d(l) be the first derivative of u(l). Determine d(9).
10
Suppose -5 = -3*x - 2. Let a(d) = 2 - 17*d**2 + d + 0*d - x + 12*d**2. What is a(-1)?
-5
Let z be 26/12 + (-4)/24. Let y(r) = 4*r**3 - 2. Give y(z).
30
Let y(i) = 10 - 2*i - 3 - 4. Let q be 1*6/(-9)*-6. Let r(l) = l**2 - 4*l + 6. Let f be r(q). What is y(f)?
-9
Let q(m) = -m**2 - 9*m + 10. Let o(x) = -3*x**2 - 18*x + 19. Let k(p) = -2*o(p) + 5*q(p). Determine k(6).
-6
Let u(m) = 4*m**3 + 2*m**2 + 8*m - 2. Let c(v) = 5*v**3 + 3*v**2 + 11*v - 1. Let y(g) = -3*c(g) + 4*u(g). Give y(0).
-5
Let g(s) = -7*s - 4. Let q be 2 + 0/(-1) + -8. Let u(j) = -j - 1. Let y(a) = q*u(a) + g(a). Suppose 25 - 181 = -52*t. Give y(t).
-1
Let u(n) = -2*n**3 - 3*n**2 - n. Let g(r) = -3*r - 89. Let f be g(-29). What is u(f)?
6
Let w(u) = -u**2 - 8*u - 7. Let y(a) = -16*a - 37. Let n be y(-2). What is w(n)?
8
Let n = -31 + 13. Let x be 1/1 + n/(-6). Let l(y) = 20*y**2 - 7*y**2 - 12*y**2 - 3 - x*y. Calculate l(5).
2
Let b(y) = 13 - 1 - 3*y - 14 - 3*y**2. Let r be 1/(-6) - (-502)/(-12). Let w be r/24 - 1/4. Calculate b(w).
-8
Let q(m) = 2411*m - m**2 + m**3 - 2411*m + 13. Calculate q(0).
13
Suppose 0*x - 2 = -4*q + 2*x, 0 = 4*q - 3*x - 1. Let z(y) = 4*y + 1. Let m(d) = -d**2 + 3*d + 1. Let l(k) = -5*m(k) + 4*z(k). Determine l(q).
5
Let w(r) be the first derivative of -r**3/3 + 110. Give w(1).
-1
Let v(o) be the first derivative of 3 - o**3 - 3*o - 1/20*o**5 - 1/2*o**4 - 3/2*o**2. Let y(a) be the first derivative of v(a). What is y(-5)?
2
Let f(v) be the second derivative of v**4/12 - v**3/6 + 2*v**2 - 10*v + 7. Determine f(3).
10
Let x(p) = p**2 - 5*p - 6. Let k be x(6). Let o be ((-144)/(-54))/(2/(k + 6)). Let j(h) = h**3 - 7*h**2 - 8*h + 1. Give j(o).
1
Let o(y) be the second derivative of 1/6*y**3 + 0*y**2 + 0 + 1/12*y**4 + 9*y. Calculate o(-1).
0
Let h be (406/116)/(-2 - 6/(-4)). Let t(a) = 4*a + 14. Let n(i) = 3*i + 13. Let s(z) = 3*n(z) - 2*t(z). Calculate s(h).
4
Let s(z) be the second derivative of -z**4/12 - 4*z**3/3 + 5*z**2/2 - 62*z. Give s(-9).
-4
Let j(g) be the third derivative of -g**6/30 + g**5/30 - g**4/12 + g**3/6 - 2*g**2. Let u(h) = 3*h**2 + 22*h + 25. Let i be u(-6). What is j(i)?
-3
Let o(t) be the third derivative of -t**5/60 - 3*t**4/8 + 5*t**3/6 + 2*t**2 + 7. Give o(-10).
-5
Let t(v) = v - 8. Let j = 16 - 7. Let d = -3 + j. Give t(d).
-2
Let f be -1 + (0 - (-24 - -4)). Suppose -f*n + 18*n = 0. Let m(w) = -w**2 - 9. Determine m(n).
-9
Let v(s) be the second derivative of -5*s**4/6 + s**3/3 - 3*s**2/2 + s + 22. Give v(1).
-11
Suppose 10 + 0 = 4*s + 3*m, 0 = -4*s - 5*m + 6. Let b(h) = -h**3 - 11*h + 13*h - s*h**2 - 2 + 2*h**3. What is b(4)?
6
Let f = -154 - -77. Let i = f + 74. Let c(y) = 4*y + 2. Calculate c(i).
-10
Let q(t) = -2 + 1 + t**3 - 2*t**3 + 5*t + 5*t**2. Suppose 0 = -3*a + 4*w + 62, 15*a + 3*w = 10*a + 142. Let g be (a + -2)*3/12. Determine q(g).
-7
Let y = 83 + -50. Let g be 6/4*44/y. Let x(v) = -v**2 - 3*v + 2. Calculate x(g).
-8
Let h(s) be the third derivative of -s**5/60 + s**4/4 + s**3/3 + 74*s**2. What is h(7)?
-5
Let u(a) be the second derivative of a**3/6 + 7*a**2 + 2*a - 12. Calculate u(-7).
7
Let p = 24 - 18. Let x(d) = d**3 + 1. Let j(b) = -9*b**3 + 2*b**2 + 3*b - 8. Suppose -4 = 2*o - 6. Let v(a) = o*j(a) + p*x(a). Calculate v(2).
-12
Let t = -1111 - -1115. Let m(x) be the third derivative of -5/6*x**3 + 0*x + 0 - x**2 - 1/24*x**4. Calculate m(t).
-9
Let w(j) be the first derivative of -j**6/60 + j**5/15 - j**4/8 + j**3/3 - 9*j**2 - 20. Let r(l) be the second derivative of w(l). Determine r(2).
-4
Let k(n) = 238 - 3*n**3 - 247 - 7*n + 2*n**3 - 7*n**2. Let y be 3 - -11 - 0/(-2). Suppose -y = 2*t - 2. Give k(t).
-3
Let n be (1 + 1 + 180/(-10))*-1. Suppose -3*u - 2*b + 10 = 0, 0*b = 4*b + n. Let s(h) = -h**3 + 7*h**2 - 5*h - 7. What is s(u)?
-1
Suppose -11 = -4*i - 31. Suppose c - 2*c = -4*k + 11, k - c = -1. Let z(r) = k + r + 2 + r. Calculate z(i).
-4
Let q = -25 - -57. Suppose 9*c = -7*c - q. Let w(v) = -2*v**3 - 2*v**2 - 2*v. Calculate w(c).
12
Suppose 15*l = l + 70. Let y(m) = 5*m - 6 + 2*m**2 - 8*m**3 - 12*m**3 + 21*m**3 + l*m**2. Give y(-6).
0
Let a(f) be the first derivative of f**3/3 + 5*f**2/2 - 9*f + 438. What is a(-7)?
5
Let i(t) = 2*t - 4. Let j be i(3). Let n = 27 + -11. Suppose -m = -j, 2*w = -2*w - 4*m + n. Let d(u) = 4*u**2 - 2*u. Calculate d(w).
12
Let f(q) be the second derivative of -q**4/24 + 2*q**3/3 + 5*q**2/2 + 7*q. Let g(v) be the first derivative of f(v). Calculate g(5).
-1
Let t(z) = z**3 + 3*z**2 - 4*z - 9. Let w(n) = -4*n**3 - 8*n**2 + 14*n + 28. Let d(s) = -7*t(s) - 2*w(s). Calculate d(6).
43
Let n(a) = a**3 - 2*a**2 - a - 4. Let j = -123 - -126. Suppose -j*w - 5 = -p - 4*w, -p + 13 = 5*w. What is n(p)?
2
Suppose 5*d - 7*d + 10 = 0. Suppose d*g - 15 = -5. Let p(t) = g + 14*t**2 - t**3 + 0*t - 1 - 15*t**2 + t. Calculate p(0).
1
Suppose 0 = -4*q + 14 + 6. Let o be (-4)/(-10) - (-8)/q. Let b(d) = 6*d - 1. Give b(o).
11
Let w(p) be the second derivative of -p**3/6 - 3*p**2 + 6*p. Let n = -4 + 6. Let a be 0*(-1 - n/(-4)). Give w(a).
-6
Let u(b) be the first derivative of -b**4/4 + b**2 + 2*b + 50. Suppose -2*n = 2 + 2. Give u(n).
6
Let l(k) be the first derivative of 2*k**2 - 3*k + 144. Determine l(-3).
-15
Suppose 102 = -73*a + 90*a. Let k(r) = -4*r + 27. What is k(a)?
3
Let p(v) = -v - 14. Suppose -b = -y + 4, 2*y + 9 = b + 13. Give p(y).
-14
Let m(q) be the first derivative of 3*q**2/2 + 14. Let c(o) = -o. Let z(h) = 11*c(h) + 4*m(h). Determine z(-3).
-3
Let k(w) be the second derivative of w**3/6 - 3*w**2 + 365*w. What is k(16)?
10
Let k(x) = x**3 + 10*x**2 + 10*x + 3. Let g(d) = 3*d**3 + 29*d**2 + 29*d + 10. Let y(f) = -3*g(f) + 8*k(f). Let j be (20/(-8))/(2/4). What is y(j)?
-21
Let b = -724 - -720. Let d(y) be the second derivative of y**4/6 + 5*y**3/6 + 3*y**2/2 - y. Give d(b).
15
Suppose -b - 11 = 2*f, -3*f - 2 = -2*b + f. Let z(y) = -y**2 + y + 1. Determine z(b).
-29
Suppose 0 = -15*n + 12*n + 3. Let b(o) = -6*o**3 + o - 5. Let c(k) = 13*k**3 - 2*k + 11. Let z(h) = -9*b(h) - 4*c(h). Determine z(n).
2
Let s(c) = -7*c. Let q(p) = 6*p - 1. Let r(d) = -6*q(d) - 5*s(d). Let w = 5 - 5. Determine r(w).
6
Let l = -7 - -11. Suppose -p + l*r = 3*r - 9, -p + 5 = -2*r. Suppose 5*u + p = -4*k - 8, 0 = -4*u - 20. Let g(o) = -13*o**2 + 2*o - 1. Determine g(k).
-12
Let t(z) = -12930*z + 6468*z + 6 + 6468*z. Calculate t(6).
42
Let i(c) = -c - 1. Let o(v) = -v + 1. Let b(k) = -2*i(k) + o(k). Suppose r + 2*m - 2 = -0*r, 3*r - 61 = 5*m. Suppose 0*n - 3*n + r = 0. Determine b(n).
7
Suppose -2*f + 18 = 4. Let d(h) = h**3 - 8*h**2 + 5*h + 9. What is d(f)?
-5
Let n be (4/6)/(14/105). Let o(t) be the third derivative of -1/12*t**4 + 0 - t**3 - 1/15*t**5 + 0*t + 1/120*t**6 - 4*t**2. Determine o(n).
9
Let x(n) = -167 - 165 + 327 + n. Calculate x(-13).
-18
Let i(d) = -2*d + 0*d**2 + d**2 + 7*d + 2*d - 13. Let b be i(-8). Let f(h) = -6 + 0*h + h**2 + 4*h + 0*h**2. Calculate f(b).
-1
Let r(s) = -19*s**2 + 12*s + 8. Let h(b) = -12*b**2 + 8*b + 5. Let w(a) = 8*h(a) - 5*r(a). Let j be (-5)/(-2 + 2/2). Determine w(j).
-5
Suppose -5*w - 10 = -5*t + 10, 4*t = -3*w + 23. Suppose 5*l - 15 = 0, -t*g = 4*l - 9 - 8. Let z(y) = -6*y**2 + y. What is z(g)?
-5
Let z be 4/6 - 7/(-21). Let d(x) = 4*x**2 - 3*x**2 + 2*x**3 + 1 - 24*x**3 - x**3 - 2*x. Calculate d(z).
-23
Let w(k) = 3*k**2 - 8*k + 16. Let r(o) = -4*o**2 + 7*o - 18. Let c(t) = -5*r(t) - 6*w(t). Determine c(-7).
1
Suppose -3*w - 2 = -4*w. Suppose 0 = n - l - 2, 2*n + 2*l + w*l + 8 = 0. Let t(y) = -y + n*y**2 + 0*y**3 + y**2 - y**3 + 0*y. What is t(2)?
-6
Suppose 0 = -o + i + 4, -8 - 7 = -4*o + 3*i. Let s(r) = 14*r - o + r**2 - 3*r - 11*r. What is s(4)?
13
Let d(h) = 2*h**3 + 16*h - 3*h**3